r when 739 is divided by 19.
17
What is the remainder when 114940 is divided by 16?
12
What is the remainder when 61604 is divided by 7?
4
What is the remainder when 347619 is divided by 91?
90
Calculate the remainder when 19376 is divided by 81.
17
What is the remainder when 28089 is divided by 156?
9
What is the remainder when 114258 is divided by 9?
3
Calculate the remainder when 869 is divided by 31.
1
What is the remainder when 10249 is divided by 36?
25
What is the remainder when 13892 is divided by 398?
360
Calculate the remainder when 660 is divided by 387.
273
What is the remainder when 33816 is divided by 2381?
482
Calculate the remainder when 54738 is divided by 322.
320
What is the remainder when 6493 is divided by 84?
25
What is the remainder when 19589 is divided by 365?
244
Calculate the remainder when 32074 is divided by 9.
7
What is the remainder when 490597 is divided by 173?
142
Calculate the remainder when 4281 is divided by 29.
18
Calculate the remainder when 15471 is divided by 431.
386
Calculate the remainder when 7706 is divided by 1511.
151
Calculate the remainder when 205717 is divided by 68564.
25
Calculate the remainder when 300259 is divided by 16.
3
Calculate the remainder when 348679 is divided by 293.
9
Calculate the remainder when 13988 is divided by 701.
669
What is the remainder when 571333 is divided by 23?
13
Calculate the remainder when 14932 is divided by 3170.
2252
Calculate the remainder when 8912 is divided by 272.
208
What is the remainder when 302759 is divided by 45?
44
Calculate the remainder when 23192 is divided by 157.
113
Calculate the remainder when 1932 is divided by 1844.
88
What is the remainder when 21173 is divided by 10584?
5
Calculate the remainder when 2020 is divided by 497.
32
Calculate the remainder when 6454 is divided by 309.
274
What is the remainder when 14244 is divided by 4428?
960
What is the remainder when 3467 is divided by 39?
35
What is the remainder when 3442 is divided by 31?
1
What is the remainder when 142408 is divided by 80?
8
What is the remainder when 27132 is divided by 478?
364
Calculate the remainder when 10938 is divided by 12.
6
Calculate the remainder when 1474337 is divided by 35.
32
What is the remainder when 109015 is divided by 13?
10
What is the remainder when 4325 is divided by 2161?
3
What is the remainder when 13097 is divided by 2606?
67
What is the remainder when 259706 is divided by 32?
26
Calculate the remainder when 34955 is divided by 271.
267
What is the remainder when 16089 is divided by 32?
25
What is the remainder when 4931848 is divided by 70?
68
Calculate the remainder when 31057 is divided by 31041.
16
What is the remainder when 82572 is divided by 19?
17
What is the remainder when 7558 is divided by 124?
118
What is the remainder when 5586 is divided by 1394?
10
Calculate the remainder when 33893 is divided by 314.
295
What is the remainder when 63599 is divided by 300?
299
Calculate the remainder when 431207 is divided by 14.
7
Calculate the remainder when 27159 is divided by 2318.
1661
What is the remainder when 12226 is divided by 94?
6
Calculate the remainder when 323561 is divided by 269.
223
What is the remainder when 1018001 is divided by 107?
3
What is the remainder when 21854 is divided by 172?
10
What is the remainder when 513567 is divided by 19?
16
Calculate the remainder when 76795 is divided by 94.
91
What is the remainder when 37707 is divided by 86?
39
Calculate the remainder when 212942 is divided by 3.
2
Calculate the remainder when 1434 is divided by 226.
78
Calculate the remainder when 31621 is divided by 1448.
1213
What is the remainder when 97060 is divided by 3?
1
Calculate the remainder when 43903 is divided by 14624.
31
What is the remainder when 1532 is divided by 1480?
52
Calculate the remainder when 910 is divided by 380.
150
Calculate the remainder when 60465 is divided by 735.
195
Calculate the remainder when 257568 is divided by 5.
3
Calculate the remainder when 481 is divided by 156.
13
Calculate the remainder when 73219 is divided by 62.
59
Calculate the remainder when 67153 is divided by 253.
108
What is the remainder when 72216 is divided by 31?
17
What is the remainder when 2092771 is divided by 21?
16
What is the remainder when 5995 is divided by 602?
577
Calculate the remainder when 133809 is divided by 36.
33
Calculate the remainder when 141397 is divided by 122.
121
What is the remainder when 18209 is divided by 202?
29
What is the remainder when 10379 is divided by 3453?
20
Calculate the remainder when 172709 is divided by 172701.
8
What is the remainder when 858210 is divided by 826?
822
Calculate the remainder when 92588 is divided by 21.
20
What is the remainder when 1910 is divided by 163?
117
Calculate the remainder when 23264 is divided by 38.
8
Calculate the remainder when 4403 is divided by 77.
14
Calculate the remainder when 530974 is divided by 467.
462
Calculate the remainder when 14895 is divided by 346.
17
Calculate the remainder when 34510 is divided by 55.
25
Calculate the remainder when 1918487 is divided by 473.
472
Calculate the remainder when 3561 is divided by 476.
229
Calculate the remainder when 960 is divided by 18.
6
What is the remainder when 64684 is divided by 3?
1
Calculate the remainder when 28473 is divided by 23.
22
Calculate the remainder when 5584 is divided by 31.
4
What is the remainder when 26002 is divided by 491?
470
Calculate the remainder when 2724 is divided by 889.
57
What is the remainder when 221978 is divided by 61?
60
What is the remainder when 54209 is divided by 90?
29
What is the remainder when 4948 is divided by 1545?
313
What is the remainder when 24989 is divided by 125?
114
Calculate the remainder when 3974 is divided by 116.
30
What is the remainder when 16551 is divided by 2064?
39
What is the remainder when 9996 is divided by 11?
8
What is the remainder when 1236 is divided by 14?
4
What is the remainder when 47304 is divided by 11820?
24
Calculate the remainder when 2324 is divided by 307.
175
What is the remainder when 20378 is divided by 23?
0
Calculate the remainder when 17717 is divided by 34.
3
What is the remainder when 1234219 is divided by 260?
259
Calculate the remainder when 18745 is divided by 91.
90
What is the remainder when 10464 is divided by 5227?
10
Calculate the remainder when 2760967 is divided by 45.
37
What is the remainder when 2604 is divided by 2537?
67
What is the remainder when 406 is divided by 394?
12
What is the remainder when 28721 is divided by 4767?
119
What is the remainder when 5011 is divided by 39?
19
What is the remainder when 16443 is divided by 1094?
33
Calculate the remainder when 65353 is divided by 860.
853
Calculate the remainder when 522296 is divided by 60.
56
Calculate the remainder when 424105 is divided by 39.
19
What is the remainder when 1306 is divided by 1256?
50
What is the remainder when 164011 is divided by 81917?
177
What is the remainder when 7895 is divided by 2565?
200
What is the remainder when 12958 is divided by 65?
23
What is the remainder when 58302 is divided by 226?
220
Calculate the remainder when 11011 is divided by 172.
3
What is the remainder when 4431 is divided by 55?
31
Calculate the remainder when 20411 is divided by 240.
11
Calculate the remainder when 21230 is divided by 58.
2
Calculate the remainder when 22204 is divided by 36.
28
Calculate the remainder when 209401 is divided by 169.
10
Calculate the remainder when 11646 is divided by 11577.
69
Calculate the remainder when 3307 is divided by 801.
103
What is the remainder when 21473 is divided by 1263?
2
What is the remainder when 196839 is divided by 49206?
15
What is the remainder when 523 is divided by 331?
192
Calculate the remainder when 31242 is divided by 1946.
106
What is the remainder when 2621 is divided by 150?
71
What is the remainder when 1157 is divided by 85?
52
Calculate the remainder when 566 is divided by 38.
34
Calculate the remainder when 192576 is divided by 78.
72
What is the remainder when 4243 is divided by 424?
3
What is the remainder when 83847 is divided by 215?
212
Calculate the remainder when 77824 is divided by 77804.
20
Calculate the remainder when 131112 is divided by 4856.
0
C